ndred thousands digit of 4636862043?
8
What is the tens digit of 282344196?
9
What is the hundred thousands digit of 35756272?
7
What is the tens digit of 91784482?
8
What is the thousands digit of 2471457509?
7
What is the hundreds digit of 143363382?
3
What is the millions digit of 108380414?
8
What is the hundreds digit of 1751315914?
9
What is the tens digit of 6105315?
1
What is the hundreds digit of 1532470762?
7
What is the tens digit of 210463165?
6
What is the tens digit of 7543148520?
2
What is the millions digit of 214414290?
4
What is the tens digit of 116020515?
1
What is the tens digit of 1809277385?
8
What is the ten millions digit of 327452628?
2
What is the tens digit of 2178888730?
3
What is the hundred millions digit of 744940769?
7
What is the hundreds digit of 392554854?
8
What is the millions digit of 1385491752?
5
What is the millions digit of 725164861?
5
What is the hundred millions digit of 956484211?
9
What is the hundred thousands digit of 92649931?
6
What is the units digit of 9400791?
1
What is the hundred thousands digit of 46536543?
5
What is the hundreds digit of 916893057?
0
What is the millions digit of 1250436920?
0
What is the ten thousands digit of 161940150?
4
What is the ten millions digit of 68238846?
6
What is the thousands digit of 324699086?
9
What is the millions digit of 66801630?
6
What is the units digit of 181946230?
0
What is the hundred millions digit of 2436966411?
4
What is the thousands digit of 47264408?
4
What is the millions digit of 9276804?
9
What is the hundred millions digit of 320187502?
3
What is the ten millions digit of 1498269832?
9
What is the hundred thousands digit of 54904280?
9
What is the hundred thousands digit of 401813873?
8
What is the ten millions digit of 407652700?
0
What is the ten thousands digit of 168702037?
0
What is the millions digit of 313146142?
3
What is the hundred thousands digit of 171715341?
7
What is the ten thousands digit of 6510140?
1
What is the hundred thousands digit of 671526243?
5
What is the hundred thousands digit of 95334625?
3
What is the hundred thousands digit of 3011123578?
1
What is the tens digit of 145600575?
7
What is the hundred thousands digit of 5955802824?
8
What is the hundreds digit of 526387338?
3
What is the millions digit of 373935572?
3
What is the ten millions digit of 535500587?
3
What is the hundred millions digit of 2731004104?
7
What is the millions digit of 1937598621?
7
What is the hundred millions digit of 769598401?
7
What is the ten millions digit of 1117702749?
1
What is the millions digit of 30449578?
0
What is the hundred thousands digit of 743850453?
8
What is the ten millions digit of 1498510599?
9
What is the ten thousands digit of 155049807?
4
What is the ten millions digit of 338525922?
3
What is the ten thousands digit of 2913236560?
3
What is the tens digit of 209617123?
2
What is the ten millions digit of 71305169?
7
What is the hundreds digit of 272276590?
5
What is the thousands digit of 367986144?
6
What is the tens digit of 205375585?
8
What is the hundreds digit of 8105836?
8
What is the tens digit of 203724114?
1
What is the hundreds digit of 5119434737?
7
What is the hundred millions digit of 273664224?
2
What is the thousands digit of 136176672?
6
What is the thousands digit of 10084699?
4
What is the hundred thousands digit of 47121985?
1
What is the thousands digit of 2502218279?
8
What is the ten thousands digit of 454310004?
1
What is the ten thousands digit of 42610840?
1
What is the ten thousands digit of 310965934?
6
What is the hundred thousands digit of 1485406806?
4
What is the hundred millions digit of 227328279?
2
What is the units digit of 8942906554?
4
What is the thousands digit of 1414036831?
6
What is the hundred millions digit of 109488065?
1
What is the millions digit of 3135919?
3
What is the hundreds digit of 351425512?
5
What is the ten thousands digit of 712278830?
7
What is the hundred millions digit of 2001503671?
0
What is the units digit of 446665590?
0
What is the hundred thousands digit of 16672951?
6
What is the tens digit of 291079032?
3
What is the millions digit of 3360876?
3
What is the thousands digit of 6147376161?
6
What is the millions digit of 16990391?
6
What is the ten thousands digit of 7891954?
9
What is the ten thousands digit of 193211464?
1
What is the hundred thousands digit of 2894442211?
4
What is the hundred thousands digit of 485106652?
1
What is the tens digit of 472948473?
7
What is the hundred millions digit of 275888462?
2
What is the units digit of 106872664?
4
What is the ten millions digit of 15753915?
1
What is the thousands digit of 280702767?
2
What is the hundred millions digit of 201786293?
2
What is the ten millions digit of 214873981?
1
What is the hundred millions digit of 701068157?
7
What is the millions digit of 30216828?
0
What is the hundreds digit of 3882745?
7
What is the ten millions digit of 72357675?
7
What is the ten thousands digit of 252522558?
2
What is the thousands digit of 9509217044?
7
What is the hundreds digit of 529074251?
2
What is the tens digit of 22871713?
1
What is the units digit of 52503529?
9
What is the hundreds digit of 119292008?
0
What is the thousands digit of 1675015843?
5
What is the thousands digit of 38371538?
1
What is the thousands digit of 50736552?
6
What is the thousands digit of 22687848?
7
What is the hundred thousands digit of 69016957?
0
What is the millions digit of 43715284?
3
What is the thousands digit of 126619767?
9
What is the hundreds digit of 8335192?
1
What is the hundreds digit of 1581264757?
7
What is the hundreds digit of 2081467976?
9
What is the hundreds digit of 269869556?
5
What is the millions digit of 281365277?
1
What is the hundred millions digit of 4564727210?
5
What is the tens digit of 144249543?
4
What is the thousands digit of 24056185?
6
What is the thousands digit of 8081646?
1
What is the millions digit of 354310897?
4
What is the hundred millions digit of 118259176?
1
What is the tens digit of 2741386350?
5
What is the ten millions digit of 177242216?
7
What is the units digit of 6127810037?
7
What is the thousands digit of 518134279?
4
What is the hundred millions digit of 1551692015?
5
What is the hundred thousands digit of 183540392?
5
What is the hundreds digit of 2470678278?
2
What is the thousands digit of 3253880217?
0
What is the thousands digit of 77755067?
5
What is the thousands digit of 31827203?
7
What is the ten thousands digit of 247794651?
9
What is the tens digit of 112259036?
3
What is the tens digit of 212687639?
3
What is the ten millions digit of 929776639?
2
What is the ten thousands digit of 201356341?
5
What is the billions digit of 3151265291?
3
What is the ten thousands digit of 4131200?
3
What is the hundreds digit of 301333075?
0
What is the hundred thousands digit of 3193506?
1
What is the units digit of 5746800988?
8
What is the ten millions digit of 147889577?
4
What is the hundreds digit of 51054360?
3
What is the thousands digit of 169513172?
3
What is the hundred thousands digit of 75358281?
3
What is the units digit of 310506201?
1
What is the hundred thousands digit of 10493981?
4
What is the millions digit of 1214141066?
4
What is the thousands digit of 958556015?
6
What is the tens digit of 29435295?
9
What is the units digit of 159997182?
2
What is the units digit of 229975281?
1
What is the billions digit of 4707308154?
4
What is the hundreds digit of 206202043?
0
What is the hundred thousands digit of 47484100?
4
What is the units digit of 18122023?
3
What is the hundred thousands digit of 1590549146?
5
What is the hundred thousands digit of 2308104900?
1
What is the hundred millions digit of 4490350643?
4
What is the thousands digit of 41168384?
8
What is the hundred millions digit of 123975260?
1
What is the ten millions digit of 16243302?
1
What is the ten thousands digit of 15158979?
5
What is the ten millions digit of 1217017432?
1
What is the ten millions digit of 579751276?
7
What is the hundred millions digit of 5840394599?
8
What is the units digit of 51769799?
9
What is the tens digit of 106380968?
6
What is the thousands digit of 529825986?
5
What is the hundreds digit of 62572592?
5
What is the hu